by q(-4).
3
Let p(g) = -3*g - 7. Let t be p(-5). Let l = 7 - t. Let m = 12 + l. What is the remainder when m is divided by 6?
5
Let y be (-10)/4*1*-4. Let o(p) = p**3 - 9*p**2 - 6*p + 3. Calculate the remainder when o(y) is divided by 9.
7
Let r be 22/(-3)*(-18)/(-12). Let m(a) = -a**2 - 17*a - 7. What is the remainder when m(r) is divided by 15?
14
Let z = -60 - -85. Calculate the remainder when z is divided by 9.
7
Suppose 0 = -a + 2 + 1. Let c = -1 + a. Suppose -2*b = d + 2*d - 10, 8 = 2*d + c*b. Calculate the remainder when 2 is divided by d.
0
Suppose 3 = -2*v + 41. Suppose m - v = 19. What is the remainder when m is divided by 13?
12
Suppose -2*p - 365 = -7*p. What is the remainder when p is divided by 39?
34
Let n = 10 - 0. Let g(l) = 2*l + 3. What is the remainder when g(7) is divided by n?
7
Suppose 0 = 6*x + 2*x - 104. Calculate the remainder when 51 is divided by x.
12
Let z be (-1)/(-6) - 87/(-18). Let h be 2/(-10) - (-51)/z. Calculate the remainder when 38 is divided by 126/h - (-2)/5.
12
Let w(h) = 2*h**2 + 2*h + 3. Let a(g) = -g**2 - 6*g + 5. Suppose 0 = -3*z + 5*b - 5, 5*z + 3 = 5*b - 12. Calculate the remainder when w(-4) is divided by a(z).
7
Let v = 6 + 12. What is the remainder when 53 is divided by v?
17
Suppose -6 = 5*m - 16. Let v be (m/(-1))/((-3)/6). Suppose -v*b + 96 = -b. What is the remainder when b is divided by 17?
15
Let b = -1 - -16. Suppose b + 10 = 5*t. Suppose 0*o + 40 = t*o. Calculate the remainder when o is divided by 5.
3
Let h = -18 + 25. Calculate the remainder when 13 is divided by h.
6
Suppose 0 = -8*v + 14*v - 162. Calculate the remainder when 102 is divided by v.
21
Suppose 3*m - 6*m = -3. Let l(h) = 21*h + 2. Calculate the remainder when l(m) is divided by 8.
7
Let k(q) = 3*q - 1. Let l be k(1). Suppose 5*s = l*s + 27. Calculate the remainder when 33 is divided by s.
6
Let p = 102 + 89. What is the remainder when p is divided by 48?
47
Let j be 6*(9/(-6) + 2). Suppose -5*o - 163 = -j*y, -o + 6 = -4*o. Calculate the remainder when y is divided by 13.
12
Let m(a) = -19*a**3 + a**2 + a. Let p(q) = q + 1. Let s be p(2). Suppose s = -t, -2*t = -l - 0*t + 16. What is the remainder when m(-1) is divided by l?
9
Suppose 3*r = 172 + 116. What is the remainder when r is divided by 33?
30
Let u = -19 + 27. Let z = 30 - u. What is the remainder when z is divided by 8?
6
Let l(w) = w**3 - 11*w**2 + 1. Let u = 1 + 0. Calculate the remainder when u is divided by l(11).
0
Suppose -5*n + 2*b + 49 = 4*b, 4*b + 1 = n. What is the remainder when 4 is divided by 6*(39/n + -4)?
0
Calculate the remainder when (-6)/10 + 98/5 is divided by 7.
5
Suppose -7 - 5 = -4*k. Let f(m) = -4*m + 6*m**k + 7 - 5*m**3 + 18*m + 11*m**2. What is the remainder when f(-9) is divided by 11?
10
Suppose -2*l - 2*n + 14 = 0, l = 5*l - 2*n - 4. Suppose -f = -5*s, -3*s - 88 = -l*f - 2*f. What is the remainder when 39 is divided by f?
19
Suppose 5*g = 3*a + 37, 3*g + a - 3 = 8. Suppose -g*q + 100 = -3*q. What is the remainder when q is divided by 13?
11
What is the remainder when 26 is divided by (-1)/((1/6)/(15/(-10)))?
8
Let i(k) = -k - 3*k**2 + 4 + k**3 - 3*k**2 + 3*k**2. Calculate the remainder when (6/(-5))/(-3)*5 is divided by i(3).
0
Suppose -3*k - 105 = p - 3*p, 250 = 5*p - 5*k. What is the remainder when p is divided by 12?
9
Let n = -68 + 37. Let o = n + 43. Suppose 2*x = -0*x + 70. Calculate the remainder when x is divided by o.
11
Suppose -31 - 17 = 4*h. What is the remainder when 10 is divided by h*((-8)/(-3) - 3)?
2
Let m(u) = 3*u - 3 - 6*u - 6*u**2 + 15*u**2. Calculate the remainder when m(-2) is divided by 14.
11
Suppose -5*w - 25 = -5*m, -5*m - 5*w = -2*m + 9. Suppose -m*v + v + 4 = 0. Suppose -19 - 13 = -v*k. What is the remainder when 23 is divided by k?
7
Let q = 137 - 94. Calculate the remainder when q is divided by 15.
13
Suppose 0 = 4*o - w - 11, -2*o + 3*w - w - 2 = 0. Calculate the remainder when o is divided by 3.
1
Let n(v) = -v**2 - 8*v - 6. Let x be (0 + 1)/((-3)/(-63)). Suppose o - 2*o = -x. Calculate the remainder when o is divided by n(-6).
3
Suppose -2*i + 90 = 48. Calculate the remainder when i is divided by 11.
10
Let n(b) = b**2 - 4*b + 4. Calculate the remainder when n(7) is divided by -18*3/(-4 - 2).
7
Let w(d) = d - 9. Let o be w(5). Let q = o + 9. Calculate the remainder when 18 is divided by q.
3
Let j(k) = -2*k**2 + 23. What is the remainder when j(0) is divided by 13?
10
Let r = 46 + -15. Let a = -19 + r. Suppose 2*i = -i + 69. What is the remainder when i is divided by a?
11
Calculate the remainder when (770/4)/(-5)*-2 is divided by 20.
17
Let s(j) = -23*j - 2. What is the remainder when s(-2) is divided by 9?
8
Calculate the remainder when -1 - -206*(4 + (-21)/6) is divided by 736/28 - 4/14.
24
Let h(p) = -p**3 - 4*p**2 - p. Let d be h(-4). Suppose -3*n - d + 34 = 0. What is the remainder when (-54)/(-2) + 1 + 1 is divided by n?
9
Let a = -9 - 1. Let n = 20 + a. Calculate the remainder when n is divided by 0 + -1 - (-8 - (-3)/3).
4
Let c be 5/(-15) - 212/(-6). Let o = c - 18. Calculate the remainder when o is divided by (2 - 1) + 16/2.
8
Suppose y + 2*m = 24, 2*m - 165 = -5*y + 7*m. Calculate the remainder when ((-20)/y)/((-4)/78) is divided by 4.
1
Let r be (-2)/(-3)*(-513)/(-9). Let d = -25 + r. What is the remainder when d is divided by 4?
1
Suppose -l + 3*l = 40. Let n be (-12)/l + (-64)/10. Let t(x) = -x**3 - 6*x**2 - 3*x - 7. Calculate the remainder when t(n) is divided by 16.
15
Suppose -3*l = -4*l + 18. Let p = l - 13. Suppose -5*y - 3*u = -2*u - 80, 16 = y + p*u. What is the remainder when y is divided by 6?
4
Suppose -m - 2*u + 4 = 3*u, -u = 2*m - 44. Calculate the remainder when m is divided by 7.
3
Suppose x = n + 13, 0*x + 3*x - 4*n = 38. Let z = 34 + -16. Suppose 5*m + z = 58. What is the remainder when x is divided by m?
6
Let h(l) = -l**2 + 5*l - 3. Let q be h(4). Suppose 3*c + q - 3 = -5*y, c + 11 = -4*y. Calculate the remainder when 15 is divided by c.
6
Suppose -5*q + p = -145, -q - q = -p - 58. Calculate the remainder when 111 is divided by q.
24
Calculate the remainder when 16/(-24) - 94/(-6) is divided by 9.
6
What is the remainder when (4 + -2)*318/12 is divided by 14?
11
Suppose -4*j + 3*o = 1 - 2, 3*o = 5*j - 5. Suppose -24 = -2*d - j. Let u = -57 + 86. What is the remainder when u is divided by d?
9
Let r = 14 + -14. Suppose r = i - 3. Calculate the remainder when 7 is divided by i.
1
Suppose -p + 3*p = 14. What is the remainder when 22 is divided by (24/(-14))/((-2)/p)?
4
Let p be -15*2/4*-2. What is the remainder when (p + 1)*(-7)/(-4) is divided by 10?
8
Let h(s) = 5*s - 3. Let l(y) = -y**3 - 6*y**2 + 4*y - 7. What is the remainder when h(6) is divided by l(-7)?
13
Let d = 49 - -12. Let h(j) = j**3 + 7*j**2 + 4*j - 8. Calculate the remainder when d is divided by h(-3).
13
Let m be (3/(-1))/((-3)/88). What is the remainder when 27 is divided by m/9 - 8/(-36)?
7
Let y = 5 + -2. Suppose 3*d = 4*h - 245, y*h - 4*d - 175 = -0*d. What is the remainder when (-2)/4 + h/2 is divided by 11?
10
Suppose j - 5*p = -3*p + 20, -2*p = 3*j - 52. Suppose 3*a = 33 + j. Suppose -33 = -2*n - n - 3*r, 2*n - 7 = r. Calculate the remainder when a is divided by n.
5
Let m(j) = 2*j**2 + 5*j + 14. Calculate the remainder when 109 is divided by m(-6).
53
Let v(i) = -i**3 + 9*i**2 - 5*i - 5. What is the remainder when v(7) is divided by 14 - ((-5)/15)/(2/6)?
13
Let v = -35 - -49. Suppose l - 3*h = 55, -4*h - v = 2*l - 134. Calculate the remainder when (l/8)/(3/12) is divided by 15.
14
Let o = -72 + 95. What is the remainder when 88 is divided by o?
19
Suppose 6*s = 7 + 5. What is the remainder when 4 is divided by s?
0
What is the remainder when 27 is divided by (-7)/(-5)*(7 + -2)?
6
Let j = 323 + -211. Calculate the remainder when j is divided by 23.
20
Let m = -215 + 123. What is the remainder when (-2)/5 + m/(-5) is divided by 7?
4
Let h(p) = p**3 + 5*p**2 - 11*p - 6. What is the remainder when h(-5) is divided by 26?
23
Let k = 376 + -157. Calculate the remainder when k is divided by 44.
43
Suppose 4*p - 3*p - 3 = 0. Suppose 3*i - 6*i - 12 = -4*v, 2*i = -p*v + 9. Suppose v*s - 204 = -57. What is the remainder when s is divided by 17?
15
What is the remainder when 150 is divided by 38/(1/1 + 1)?
